{"id":187,"date":"2018-07-10T17:26:10","date_gmt":"2018-07-10T15:26:10","guid":{"rendered":"https:\/\/pastoralraum-surbtal-wuerenlingen.ch\/unterendingen\/?page_id=187"},"modified":"2025-11-07T10:46:28","modified_gmt":"2025-11-07T09:46:28","slug":"kontakt","status":"publish","type":"page","link":"https:\/\/pastoralraum-surbtal-wuerenlingen.ch\/unterendingen\/kontakt\/","title":{"rendered":"Kontakt"},"content":{"rendered":"<p>[et_pb_section fb_built=&#8220;1&#8243; fullwidth=&#8220;on&#8220; module_id=&#8220;sakramente&#8220; _builder_version=&#8220;4.16&#8243; custom_padding=&#8220;0px|0px|0|0px|false|false&#8220; animation_style=&#8220;slide&#8220; animation_direction=&#8220;top&#8220; animation_intensity_slide=&#8220;2%&#8220; animation_starting_opacity=&#8220;100%&#8220; global_colors_info=&#8220;{}&#8220;][et_pb_fullwidth_header title=&#8220;KONTAKT&#8220; content_max_width_last_edited=&#8220;off|desktop&#8220; _builder_version=&#8220;4.16&#8243; title_font=&#8220;Montserrat|700|||||||&#8220; title_font_size=&#8220;50px&#8220; title_line_height=&#8220;1.2em&#8220; content_font_size=&#8220;20px&#8220; content_line_height=&#8220;1.8em&#8220; background_color=&#8220;rgba(231,90,106,0)&#8220; use_background_color_gradient=&#8220;on&#8220; background_color_gradient_direction=&#8220;90deg&#8220; background_color_gradient_stops=&#8220;#e75a6a 19%|rgba(231,90,106,0) 76%&#8220; background_color_gradient_overlays_image=&#8220;on&#8220; background_color_gradient_start=&#8220;#e75a6a&#8220; background_color_gradient_start_position=&#8220;19%&#8220; background_color_gradient_end=&#8220;rgba(231,90,106,0)&#8220; background_color_gradient_end_position=&#8220;76%&#8220; background_image=&#8220;https:\/\/pastoralraum-surbtal-wuerenlingen.ch\/unterendingen\/wp-content\/uploads\/sites\/5\/2018\/07\/Pastoral-Bild-08-1.jpg&#8220; custom_margin=&#8220;|||&#8220; custom_padding=&#8220;10%||10%|&#8220; child_filter_brightness=&#8220;125%&#8220; title_font_size_tablet=&#8220;40px&#8220; title_font_size_phone=&#8220;30px&#8220; title_font_size_last_edited=&#8220;on|phone&#8220; global_colors_info=&#8220;{}&#8220; button_one_text_size__hover_enabled=&#8220;off&#8220; button_two_text_size__hover_enabled=&#8220;off&#8220; button_one_text_color__hover_enabled=&#8220;off&#8220; button_two_text_color__hover_enabled=&#8220;off&#8220; button_one_border_width__hover_enabled=&#8220;off&#8220; button_two_border_width__hover_enabled=&#8220;off&#8220; button_one_border_color__hover_enabled=&#8220;off&#8220; button_two_border_color__hover_enabled=&#8220;off&#8220; button_one_border_radius__hover_enabled=&#8220;off&#8220; button_two_border_radius__hover_enabled=&#8220;off&#8220; button_one_letter_spacing__hover_enabled=&#8220;off&#8220; button_two_letter_spacing__hover_enabled=&#8220;off&#8220; button_one_bg_color__hover_enabled=&#8220;off&#8220; button_two_bg_color__hover_enabled=&#8220;off&#8220;][\/et_pb_fullwidth_header][\/et_pb_section][et_pb_section fb_built=&#8220;1&#8243; _builder_version=&#8220;4.16&#8243; background_color_gradient_direction=&#8220;135deg&#8220; custom_padding=&#8220;75px|0px|75px|0px|false|false&#8220; global_colors_info=&#8220;{}&#8220;][et_pb_row _builder_version=&#8220;4.16&#8243; background_size=&#8220;initial&#8220; background_position=&#8220;top_left&#8220; background_repeat=&#8220;repeat&#8220; custom_padding=&#8220;0|0px|0|0px|false|false&#8220; global_colors_info=&#8220;{}&#8220;][et_pb_column type=&#8220;4_4&#8243; _builder_version=&#8220;4.16&#8243; custom_padding=&#8220;|||&#8220; global_colors_info=&#8220;{}&#8220; custom_padding__hover=&#8220;|||&#8220;][et_pb_text admin_label=&#8220;Title&#8220; module_id=&#8220;sekretariat&#8220; _builder_version=&#8220;4.17.4&#8243; text_font=&#8220;|600|||||||&#8220; header_text_color=&#8220;#e75a6a&#8220; header_2_font=&#8220;Montserrat|600|||||||&#8220; header_2_text_color=&#8220;#e75a6a&#8220; header_2_font_size=&#8220;30px&#8220; header_2_line_height=&#8220;1.5em&#8220; module_alignment=&#8220;center&#8220; custom_margin=&#8220;||15px|&#8220; custom_padding=&#8220;|||&#8220; animation_direction=&#8220;left&#8220; saved_tabs=&#8220;all&#8220; global_colors_info=&#8220;{}&#8220;]<\/p>\n<h2>Sekretariat<\/h2>\n<p>[\/et_pb_text][\/et_pb_column][\/et_pb_row][et_pb_row column_structure=&#8220;1_4,1_4,1_2&#8243; _builder_version=&#8220;4.16&#8243; background_size=&#8220;initial&#8220; background_position=&#8220;top_left&#8220; background_repeat=&#8220;repeat&#8220; custom_padding=&#8220;0|0px|0|0px|false|false&#8220; global_colors_info=&#8220;{}&#8220;][et_pb_column type=&#8220;1_4&#8243; _builder_version=&#8220;4.16&#8243; custom_padding=&#8220;|||&#8220; global_colors_info=&#8220;{}&#8220; custom_padding__hover=&#8220;|||&#8220;][et_pb_image src=&#8220;https:\/\/pastoralraum-surbtal-wuerenlingen.ch\/unterendingen\/wp-content\/uploads\/sites\/5\/2025\/11\/Valentina-Werder-.jpg&#8220; title_text=&#8220;Valentina Werder&#8220; align_tablet=&#8220;center&#8220; align_phone=&#8220;&#8220; align_last_edited=&#8220;on|desktop&#8220; _builder_version=&#8220;4.27.4&#8243; custom_margin=&#8220;||19px|||&#8220; locked=&#8220;off&#8220; global_colors_info=&#8220;{}&#8220;][\/et_pb_image][et_pb_text _builder_version=&#8220;4.16&#8243; custom_margin=&#8220;||50px|||&#8220; global_colors_info=&#8220;{}&#8220;]<\/p>\n<p><strong>Valentina Werder<\/strong><br \/>Alte Surbtalstrasse 26<br \/>5305 Unterendingen<br \/>Tel. 056 242 11 30<br \/><a href=\"&#109;&#x61;i&#x6c;&#x74;&#111;&#x3a;s&#x65;&#x6b;&#114;&#x65;t&#x61;&#x72;&#105;&#x61;t&#x40;&#x70;&#102;&#x61;r&#x72;&#x65;&#105;&#x2d;u&#x6e;&#x74;&#101;&#x72;e&#x6e;&#x64;&#105;&#x6e;g&#x65;&#x6e;&#46;&#x63;h\">&#x73;&#x65;&#x6b;&#x72;&#x65;&#x74;&#97;&#114;&#105;&#97;t&#64;pf&#x61;&#x72;&#x72;&#x65;&#x69;&#x2d;&#117;&#110;&#116;&#101;&#114;end&#x69;&#x6e;&#x67;&#x65;&#x6e;&#x2e;&#99;&#104;<\/a><\/p>\n<p>[\/et_pb_text][et_pb_text _builder_version=&#8220;4.23.1&#8243; global_colors_info=&#8220;{}&#8220;]<\/p>\n<p><strong>\u00d6ffnungszeiten<br \/>DI und FR 9<\/strong> &#8211; 11 Uhr<\/p>\n<p><strong>Nummer f\u00fcr Todesf\u00e4lle:<br \/><\/strong>079 518 61 03<strong><br \/><\/strong><strong><\/strong><strong><\/strong><strong><\/strong><\/p>\n<p><strong><\/strong><\/p>\n<p>[\/et_pb_text][\/et_pb_column][et_pb_column type=&#8220;1_4&#8243; _builder_version=&#8220;4.16&#8243; custom_padding=&#8220;|||&#8220; global_colors_info=&#8220;{}&#8220; custom_padding__hover=&#8220;|||&#8220;][et_pb_image src=&#8220;https:\/\/pastoralraum-surbtal-wuerenlingen.ch\/unterendingen\/wp-content\/uploads\/sites\/5\/2025\/11\/Franz-Josef-Guenther-.jpg&#8220; title_text=&#8220;Franz-Josef Gu\u0308nther&#8220; align_tablet=&#8220;center&#8220; align_phone=&#8220;&#8220; align_last_edited=&#8220;on|desktop&#8220; _builder_version=&#8220;4.27.4&#8243; custom_margin=&#8220;||19px|||&#8220; hover_enabled=&#8220;0&#8243; locked=&#8220;off&#8220; global_colors_info=&#8220;{}&#8220; sticky_enabled=&#8220;0&#8243;][\/et_pb_image][et_pb_text _builder_version=&#8220;4.19.0&#8243; custom_margin=&#8220;||50px|||&#8220; global_colors_info=&#8220;{}&#8220;]<\/p>\n<p><strong>Pfarreiseelsorger<br \/>Franz-Josef G\u00fcnther<\/strong><br \/>056 242 19 91<br \/>079 518 61 03<br \/><a href=\"&#x6d;&#97;&#x69;&#x6c;&#116;&#x6f;&#x3a;&#115;&#x65;&#x65;&#108;&#x73;&#x6f;r&#x67;&#x65;r&#x40;&#112;f&#x61;&#114;r&#x65;&#105;-&#x75;&#110;t&#x65;&#114;e&#x6e;&#100;i&#x6e;&#103;e&#x6e;&#46;c&#x68;\">&#115;e&#x65;l&#x73;&#111;&#x72;&#103;&#x65;&#114;&#64;&#x70;f&#x61;&#114;&#x72;&#101;&#x69;&#45;&#x75;&#110;t&#x65;r&#x65;&#110;&#x64;&#105;&#x6e;&#103;e&#x6e;&#46;&#x63;&#104;<\/a><\/p>\n<p>[\/et_pb_text][\/et_pb_column][et_pb_column type=&#8220;1_2&#8243; _builder_version=&#8220;4.16&#8243; custom_padding=&#8220;|||&#8220; global_colors_info=&#8220;{}&#8220; custom_padding__hover=&#8220;|||&#8220;][et_pb_image src=&#8220;https:\/\/pastoralraum-surbtal-wuerenlingen.ch\/unterendingen\/wp-content\/uploads\/sites\/5\/2018\/07\/Pfarrei-Unterendingen-05.jpg&#8220; align_tablet=&#8220;center&#8220; align_phone=&#8220;&#8220; align_last_edited=&#8220;on|desktop&#8220; _builder_version=&#8220;4.16&#8243; global_colors_info=&#8220;{}&#8220;][\/et_pb_image][\/et_pb_column][\/et_pb_row][et_pb_row column_structure=&#8220;1_2,1_2&#8243; _builder_version=&#8220;4.16&#8243; background_size=&#8220;initial&#8220; background_position=&#8220;top_left&#8220; background_repeat=&#8220;repeat&#8220; custom_padding=&#8220;75px|0px|75px|0px&#8220; global_colors_info=&#8220;{}&#8220;][et_pb_column type=&#8220;1_2&#8243; _builder_version=&#8220;4.16&#8243; custom_padding=&#8220;|||&#8220; global_colors_info=&#8220;{}&#8220; custom_padding__hover=&#8220;|||&#8220;][et_pb_text admin_label=&#8220;Title&#8220; module_id=&#8220;sekretariat&#8220; _builder_version=&#8220;4.27.4&#8243; text_font=&#8220;|600|||||||&#8220; header_text_color=&#8220;#e75a6a&#8220; header_2_font=&#8220;Montserrat|600|||||||&#8220; header_2_text_color=&#8220;#e75a6a&#8220; header_2_font_size=&#8220;30px&#8220; header_2_line_height=&#8220;1.5em&#8220; module_alignment=&#8220;center&#8220; custom_margin=&#8220;||15px|&#8220; custom_padding=&#8220;|||&#8220; animation_direction=&#8220;left&#8220; saved_tabs=&#8220;all&#8220; global_colors_info=&#8220;{}&#8220;]<\/p>\n<h2>Downloads<\/h2>\n<p><a href=\"https:\/\/pastoralraum-surbtal-wuerenlingen.ch\/unterendingen\/wp-content\/uploads\/sites\/5\/2023\/06\/Benuetzungsreglement-2023.pdf\" rel=\"attachment wp-att-4580\"><\/a><a href=\"https:\/\/pastoralraum-surbtal-wuerenlingen.ch\/unterendingen\/wp-content\/uploads\/sites\/5\/2025\/03\/Benuetzungsreglement-2025.pdf\" rel=\"attachment wp-att-5883\">Ben\u00fctzungsreglement R\u00e4umlichkeiten<\/a><a href=\"https:\/\/pastoralraum-surbtal-wuerenlingen.ch\/unterendingen\/wp-content\/uploads\/sites\/5\/2023\/06\/Benuetzungsreglement-2023.pdf\" rel=\"attachment wp-att-4580\"><\/a><\/p>\n<p>[\/et_pb_text][\/et_pb_column][et_pb_column type=&#8220;1_2&#8243; _builder_version=&#8220;4.16&#8243; custom_padding=&#8220;|||&#8220; global_colors_info=&#8220;{}&#8220; custom_padding__hover=&#8220;|||&#8220;][et_pb_image src=&#8220;https:\/\/pastoralraum-surbtal-wuerenlingen.ch\/unterendingen\/wp-content\/uploads\/sites\/5\/2018\/07\/Pfarrei-Unterendingen-18.jpg&#8220; align_tablet=&#8220;center&#8220; align_phone=&#8220;&#8220; align_last_edited=&#8220;on|desktop&#8220; _builder_version=&#8220;4.16&#8243; global_colors_info=&#8220;{}&#8220;][\/et_pb_image][\/et_pb_column][\/et_pb_row][\/et_pb_section]<\/p>\n","protected":false},"excerpt":{"rendered":"<p>SekretariatValentina WerderAlte Surbtalstrasse 265305 UnterendingenTel. 056 242 11 &#x33;&#48;s&#x65;&#107;&#114;&#x65;&#x74;&#97;r&#x69;&#97;t&#x40;&#x70;&#102;a&#x72;&#114;e&#x69;&#x2d;&#117;n&#x74;&#101;r&#x65;&#x6e;&#100;i&#x6e;&#103;e&#x6e;&#x2e;&#99;&#x68;\u00d6ffnungszeitenDI und FR 9 &#8211; 11 Uhr Nummer f\u00fcr Todesf\u00e4lle:079 518 61 03 PfarreiseelsorgerFranz-Josef G\u00fcnther056 242 19 91079 518 61 03&#115;&#101;&#101;&#x6c;&#x73;&#x6f;&#x72;ge&#114;&#64;&#112;&#x66;&#x61;&#x72;&#x72;ei&#45;&#117;&#110;&#x74;&#x65;&#x72;&#x65;nd&#105;&#110;&#103;&#x65;&#x6e;&#x2e;&#x63;hD&#111;&#119;&#110;&#x6c;&#x6f;&#x61;&#x64;s Ben\u00fctzungsreglement R\u00e4umlichkeiten<\/p>\n","protected":false},"author":1,"featured_media":0,"parent":0,"menu_order":0,"comment_status":"closed","ping_status":"closed","template":"","meta":{"_et_pb_use_builder":"on","_et_pb_old_content":"","_et_gb_content_width":"","footnotes":""},"class_list":["post-187","page","type-page","status-publish","hentry"],"_links":{"self":[{"href":"https:\/\/pastoralraum-surbtal-wuerenlingen.ch\/unterendingen\/wp-json\/wp\/v2\/pages\/187","targetHints":{"allow":["GET"]}}],"collection":[{"href":"https:\/\/pastoralraum-surbtal-wuerenlingen.ch\/unterendingen\/wp-json\/wp\/v2\/pages"}],"about":[{"href":"https:\/\/pastoralraum-surbtal-wuerenlingen.ch\/unterendingen\/wp-json\/wp\/v2\/types\/page"}],"author":[{"embeddable":true,"href":"https:\/\/pastoralraum-surbtal-wuerenlingen.ch\/unterendingen\/wp-json\/wp\/v2\/users\/1"}],"replies":[{"embeddable":true,"href":"https:\/\/pastoralraum-surbtal-wuerenlingen.ch\/unterendingen\/wp-json\/wp\/v2\/comments?post=187"}],"version-history":[{"count":63,"href":"https:\/\/pastoralraum-surbtal-wuerenlingen.ch\/unterendingen\/wp-json\/wp\/v2\/pages\/187\/revisions"}],"predecessor-version":[{"id":6398,"href":"https:\/\/pastoralraum-surbtal-wuerenlingen.ch\/unterendingen\/wp-json\/wp\/v2\/pages\/187\/revisions\/6398"}],"wp:attachment":[{"href":"https:\/\/pastoralraum-surbtal-wuerenlingen.ch\/unterendingen\/wp-json\/wp\/v2\/media?parent=187"}],"curies":[{"name":"wp","href":"https:\/\/api.w.org\/{rel}","templated":true}]}}